= 2*c - 5*r. Is c a composite number?
True
Let o(w) = w**2 + 2*w**2 - 2*w**2 - 3 - 3*w. Let c be o(-6). Suppose -2*p + 131 = -c. Is p composite?
True
Let b(j) = 270*j + 161. Is b(5) a composite number?
False
Is 3/30*20534 + 6/(-15) composite?
False
Suppose -4*g + 76 = g + 4*j, 2*g + 3*j - 36 = 0. Suppose -28 = 5*q + g. Let y = q - -14. Is y composite?
True
Suppose 2*s + 2091 = 3*j, 2*j = -5*s - 0*j - 5237. Let y = s + 3349. Is y composite?
True
Is ((-852)/213)/((-8)/42006) prime?
False
Suppose 16*b + 111 = 18*b - 5*w, -4*b + w + 231 = 0. Is b composite?
True
Let l(u) = 535*u + 76. Is l(21) prime?
True
Let l = 10091 - 6910. Is l a composite number?
False
Suppose -3*m = -2*m + 3*m. Suppose -10085 = -5*s - m*s. Is s a composite number?
False
Suppose -4*u - 4*x = -4288, 2*u + x - 2142 = -3*x. Is u a prime number?
False
Let l be (-1197)/19*(-1)/3. Let i(p) = 4*p**2 - 22*p - 17. Is i(l) a composite number?
True
Let w = -42 + 54. Suppose -w*s + 95 = -7*s. Is s prime?
True
Let f be ((-6)/9)/(2/(-15)). Let d be 15/(-3) - (-15)/f. Is 1/d - 527/(-2) a prime number?
True
Suppose -3*t - 1297 = -d + 59, -4043 = -3*d + 4*t. Let j = -4 - -7. Is ((-5)/(-15))/(j/d) prime?
True
Suppose 35*z = 32*z + 327. Is z a prime number?
True
Suppose 165 = -2*r + 5*w + 636, 3*r = -5*w + 669. Let t = -56 - -136. Suppose -t = 4*y - r. Is y a composite number?
False
Let m(z) = 3*z**3 - 2*z**2 + 3*z - 2. Let f be m(1). Suppose -2*p - p - 5*i + 1 = 0, i + 9 = 4*p. Is (1/f)/(p/1916) a composite number?
False
Let j(a) = -a**2 - 12*a + 12. Let g be j(-13). Let u(p) = -830*p - 1. Is u(g) a prime number?
True
Let x(q) = 2*q**3 - 11*q + 5. Let d be x(9). Suppose -d = -3*b - b + z, 0 = b - z - 341. Is b a composite number?
True
Let f be 6/(-4)*(-12)/9. Let w(z) = -z**3 + 7*z**2 + 8*z**2 + 10*z - 7*z**f. Is w(7) composite?
True
Suppose 209*d = 214*d - 45015. Is d a prime number?
False
Suppose 4*x + 2*k - 14 = 5*k, -3*x + 5 = -5*k. Let o(i) = 3*i**3 - 3*i**2 + 2*i - 11. Is o(x) prime?
False
Let v(i) be the first derivative of -3*i - 3 - 19/4*i**4 - 5/3*i**3 - i**2. Is v(-4) composite?
True
Is -9 + (9669 - 6) + 8 a prime number?
False
Suppose -2 = 3*g - 5. Is g/9 + 70168/126 a prime number?
True
Let j be (-1)/((-4)/12) - -4069. Suppose 5*g = -4*t + j, -t - 1189 = -3*g + 1244. Suppose 5*o = -4*m + g, 0*m = -m + 5*o + 203. Is m prime?
False
Let b be ((-2)/(-6))/(4/72). Suppose 4*v - v = b. Is 0 + v + 88 + -3 composite?
True
Suppose -15*d + 712 = -13*d. Suppose -4*f - d = -8*f. Is f a composite number?
False
Let c = -10918 - -17597. Is c a composite number?
False
Let i(c) = 67*c - 8 + 0 - 17. Suppose 0 = 347*f - 348*f + 8. Is i(f) composite?
True
Let j(u) = u**3 + 19*u**2 - 2*u - 51. Is j(-16) prime?
False
Let b(n) = -8*n**3 + n. Let c be b(-1). Let f = c + -2. Suppose 4*o - 171 = v, 3*v + 23 = f*o - 189. Is o a prime number?
True
Suppose -3*p + 6 = -2*r - 12, 0 = -2*p - 5*r - 7. Suppose -j - 3*c - 240 = 2*j, -8 = -p*c. Is 6 - (-6)/(-2) - j composite?
True
Suppose g - 438 = 2*g. Let z = g - -849. Is z a prime number?
False
Let o(k) = -k - 3. Let r(l) = -l**3 - 5*l**2 + l - 3. Let j be r(-5). Let p be o(j). Suppose p*u - 9*u + 644 = 0. Is u a composite number?
True
Let o(x) = x**3 + 5*x**2 - 6*x - 2. Let a be o(-6). Is a - -4 - (-888)/3 composite?
True
Let z(x) = 3*x**3 - 19*x**2 + 8*x - 29. Is z(14) prime?
True
Let j(u) = 2 - u + 4 - u**3 - 3*u + 0*u**3 + 8*u**2. Let a be j(6). Let t = a - -23. Is t prime?
False
Let m(t) = 1145*t**2 + 6*t + 5. Is m(-4) a composite number?
False
Suppose -4*f = 22599 - 78035. Is f composite?
False
Suppose 0 = 11*n - 5932 - 6157. Is n a prime number?
False
Suppose 0 = -i - 5*m + 18, i - 3 = -m + 3. Suppose 980 = i*c + 311. Is c prime?
True
Let d = -25798 + 37335. Is d prime?
False
Suppose m - 217 = 3*a, m + 3*a - 213 = 4*a. Is m a composite number?
False
Suppose 244914 + 44741 = 5*z. Is z prime?
False
Suppose 0 = 4*j - w + 93, 0 = -w - 3. Let x = -33 - j. Is x/6*2994/(-9) a composite number?
False
Let f(c) = -2*c - 1. Let m be 1/2*24/(-6). Let p be f(m). Suppose -p*w - 223 = -2*a - 0*a, 0 = -4*a - w + 481. Is a composite?
True
Suppose -16*b = -15*b + 4. Is 25134/66 - b/22 a composite number?
True
Let l be 3 + 3/6*-6. Suppose -4*m = -v + 1065, l*v = 2*v - m - 2102. Is v composite?
False
Let p be (3/(-2))/((-12)/88). Let v be (-59 - -1)*(-13 + p). Suppose 0 = -3*n + v + 175. Is n composite?
False
Suppose -32*q - 16 = -48. Suppose -2*v + 6 = v. Is (7/q*274)/v composite?
True
Let u(n) = -5*n**3 + n**2 - 8*n + 3. Let s(t) = 4*t**3 - t**2 + 7*t - 3. Let l(z) = -7*s(z) - 6*u(z). Let j be l(3). Suppose -j = m - 208. Is m a prime number?
False
Let b(z) = 6*z - 42. Let d be b(8). Is (-6492)/(-3) + d/(-2) a composite number?
False
Let f be 0/(0 - -2 - 3). Suppose -2*x + 10 + 6 = f. Suppose 2*y - x = 126. Is y a composite number?
False
Let q(j) = 1346*j**2 - 16*j - 43. Is q(-4) prime?
True
Let k be ((-30)/25)/(4/(-10)). Suppose -k*o - 4*s + 663 = 0, o + s = -0*s + 220. Is o composite?
True
Let p(k) = -4 + 3 - 1 + 8*k. Let i(q) = q**3 + 15*q**2 - 18*q - 31. Let u be i(-16). Is p(u) a prime number?
False
Let a(s) = -s**2 + 12*s + 3. Let h be a(12). Suppose 19 = 5*i - c, 2*c + 11 = h*i + c. Suppose -r - u = -454, r - i*u = -u + 434. Is r a composite number?
False
Let n(i) = -3*i**3 - 11*i**2 - 21*i + 46. Is n(-11) a prime number?
True
Let i = 16 - 12. Suppose i*n = -n + 1120. Let l = 173 + n. Is l composite?
False
Is 66/99*14961/2 prime?
True
Let t(i) = i**3 + 6*i**2 - 7*i - 12. Let v be t(-6). Suppose 2*o + o - 5*x - 296 = 0, -4*o + 3*x + 391 = 0. Let y = v + o. Is y a prime number?
True
Is 92/(-230) + 72957/5 a composite number?
False
Let l = 564 + -954. Let f = l - -887. Is f a composite number?
True
Is (-321882)/(-24) + (-3 - 36/(-16)) prime?
True
Suppose 6824 = 2*h - 452. Let d = h - 2047. Is d composite?
True
Let w(o) = 9*o**3 - 9*o**2 + o - 6. Is w(5) prime?
False
Suppose 0*k - 75 = -15*k. Suppose -3*w + k*c + 257 = 0, -3*w - w = -c - 371. Is w composite?
True
Suppose -8*o + 94553 + 56607 = 0. Is o prime?
False
Let j be 13/5 - (-6)/(-10). Suppose 0 = -5*h + j + 18. Suppose -h*x + 532 = -0*x. Is x a prime number?
False
Let s = 24042 + 22061. Is s composite?
False
Suppose -4*r + 5782 = 2*c, -4*r - 20 = -8. Is c prime?
True
Let r(b) = 79*b - 33. Let t(o) = -119*o + 50. Let n(m) = -8*r(m) - 5*t(m). Let v = -1035 - -1026. Is n(v) composite?
False
Let k(q) be the third derivative of 27*q**5/4 + q**4/24 + q**3/6 - 11*q**2. Is k(1) prime?
False
Let p = -8 + 8. Suppose -2*d + 382 = 2*f, -2*d + p*f + 386 = f. Suppose 3*m - 6*m + d = 0. Is m composite?
True
Let u be (-14)/(-105) - (-1112)/(-15). Is 1 + (-16)/4 - 4*u composite?
False
Suppose -704587 = -66*r + 2396159. Is r a composite number?
True
Suppose -60*v + 4930 = -50*v. Is v composite?
True
Let d = 32 + -35. Let q(t) = -384*t - 1. Is q(d) a prime number?
True
Let a = 2372 + 641. Is a composite?
True
Suppose 5*r + 45 - 135 = 0. Let v = 21 - r. Let c = 36 - v. Is c composite?
True
Suppose 4*a + 728 + 621 = d, -3*a = 4*d - 5339. Let l = d - 870. Is l a prime number?
True
Suppose -l - l = -18346. Is l a composite number?
False
Let l be (1647/(-3) - -1) + -4. Let o = 959 + l. Is o prime?
False
Let n(f) be the second derivative of 8*f**3/3 + 5*f**2/2 - 6*f. Is n(5) composite?
True
Is 5674 + (-2)/((-14)/(-35)) composite?
False
Is 20/(-15)*3674214/(-72) prime?
True
Suppose -4*r - 1578 = -2*h, -3*r - 2*h = 1076 + 118. Let x(f) = -f**3 + f**2 - f - 775. Let g be x(0). Let q = r - g. Is q composite?
False
Let m = 19 + -23. Is ((-40342)/69)/(m/6) prime?
True
Suppose 8*n - 19*n = 23672. Let c = 1957 - n. Is c a composite number?
True
Let t = 1 + 1. Is (t - 0)*1 - -1777 a prime number?
False
Let i = 11115 - -1070. Is i a composite number?
True
Suppose y = 11 - 9. Suppose -3*b = -5*u + 30, -u + y*b - 28 = -3*u. Suppose -586 = -11*l + u*l. Is l prime?
True
Suppose -3*d + t - 692 + 26229 = 0, -d = -4*t - 8505. Is d composite?
False
Suppose 37*y = 32*y + 55565. Is y a prime number?
True
Is (-9)/(-21) + (-585398)/(-77) composite?
False
Suppose -5*z = -20, -5*r + 0*r = 3*z - 10037. Is r composite?
True
Suppose -m - 3*x = -3729, -2*m - 2*x + 2697 + 4777 = 0. Let k = -2020 + m. Is k composite?
False
Suppose 4*h = 3 + 5. Let t be (8 - 7)*h*1.